CRAN Package Check Results for Package ABACUS

Last updated on 2025-10-09 02:51:34 CEST.

Flavor Version Tinstall Tcheck Ttotal Status Flags
r-devel-linux-x86_64-debian-clang 1.0.0 6.16 61.47 67.63 NOTE
r-devel-linux-x86_64-debian-gcc 1.0.0 4.28 44.76 49.04 NOTE
r-devel-linux-x86_64-fedora-clang 1.0.0 107.50 OK
r-devel-linux-x86_64-fedora-gcc 1.0.0 114.55 OK
r-devel-windows-x86_64 1.0.0 8.00 88.00 96.00 OK
r-patched-linux-x86_64 1.0.0 5.59 59.62 65.21 OK
r-release-linux-x86_64 1.0.0 4.97 58.95 63.92 OK
r-release-macos-arm64 1.0.0 36.00 OK
r-release-macos-x86_64 1.0.0 66.00 OK
r-release-windows-x86_64 1.0.0 9.00 76.00 85.00 OK
r-oldrel-macos-arm64 1.0.0 35.00 NOTE
r-oldrel-macos-x86_64 1.0.0 55.00 NOTE
r-oldrel-windows-x86_64 1.0.0 12.00 89.00 101.00 NOTE

Check Details

Version: 1.0.0
Check: CRAN incoming feasibility
Result: NOTE Maintainer: ‘Mintu Nath <dr.m.nath@gmail.com>’ No Authors@R field in DESCRIPTION. Please add one, modifying Authors@R: person(given = "Mintu", family = "Nath", role = c("aut", "cre"), email = "dr.m.nath@gmail.com") as necessary. Flavors: r-devel-linux-x86_64-debian-clang, r-devel-linux-x86_64-debian-gcc

Version: 1.0.0
Check: LazyData
Result: NOTE 'LazyData' is specified without a 'data' directory Flavors: r-oldrel-macos-arm64, r-oldrel-macos-x86_64, r-oldrel-windows-x86_64