CRAN Package Check Results for Package ClusPred

Last updated on 2025-10-09 02:51:37 CEST.

Flavor Version Tinstall Tcheck Ttotal Status Flags
r-devel-linux-x86_64-debian-clang 1.1.0 26.44 80.97 107.41 NOTE
r-devel-linux-x86_64-debian-gcc 1.1.0 17.93 61.40 79.33 NOTE
r-devel-linux-x86_64-fedora-clang 1.1.0 176.39 OK
r-devel-linux-x86_64-fedora-gcc 1.1.0 161.48 OK
r-devel-windows-x86_64 1.1.0 37.00 102.00 139.00 OK
r-patched-linux-x86_64 1.1.0 25.84 77.31 103.15 OK
r-release-linux-x86_64 1.1.0 23.58 77.42 101.00 OK
r-release-macos-arm64 1.1.0 48.00 OK
r-release-macos-x86_64 1.1.0 93.00 OK
r-release-windows-x86_64 1.1.0 36.00 103.00 139.00 OK
r-oldrel-macos-arm64 1.1.0 46.00 OK
r-oldrel-macos-x86_64 1.1.0 69.00 OK
r-oldrel-windows-x86_64 1.1.0 44.00 124.00 168.00 OK

Check Details

Version: 1.1.0
Check: CRAN incoming feasibility
Result: NOTE Maintainer: ‘Matthieu Marbac <matthieu.marbac-lourdelle@ensai.fr>’ The Description field contains Marbac et al. (2020) <arXiv:2012.14159> are implemented. Please refer to arXiv e-prints via their arXiv DOI <doi:10.48550/arXiv.YYMM.NNNNN>. Flavors: r-devel-linux-x86_64-debian-clang, r-devel-linux-x86_64-debian-gcc