Last updated on 2025-11-27 01:48:29 CET.
| Flavor | Version | Tinstall | Tcheck | Ttotal | Status | Flags |
|---|---|---|---|---|---|---|
| r-devel-linux-x86_64-debian-clang | 1.3.5 | 61.55 | 181.81 | 243.36 | OK | |
| r-devel-linux-x86_64-debian-gcc | 1.3.5 | 48.41 | 104.82 | 153.23 | OK | |
| r-devel-linux-x86_64-fedora-clang | 1.3.5 | 126.00 | 239.22 | 365.22 | OK | |
| r-devel-linux-x86_64-fedora-gcc | 1.3.5 | 177.00 | 227.67 | 404.67 | OK | |
| r-devel-windows-x86_64 | 1.3.5 | 77.00 | 200.00 | 277.00 | OK | |
| r-patched-linux-x86_64 | 1.3.5 | 71.78 | 160.97 | 232.75 | WARN | |
| r-release-linux-x86_64 | 1.3.5 | 65.80 | 157.92 | 223.72 | OK | |
| r-release-macos-arm64 | 1.3.5 | OK | ||||
| r-release-macos-x86_64 | 1.3.5 | 69.00 | 168.00 | 237.00 | OK | |
| r-release-windows-x86_64 | 1.3.5 | 70.00 | 182.00 | 252.00 | OK | |
| r-oldrel-macos-arm64 | 1.3.5 | NOTE | ||||
| r-oldrel-macos-x86_64 | 1.3.5 | 49.00 | 172.00 | 221.00 | NOTE | |
| r-oldrel-windows-x86_64 | 1.3.5 | 86.00 | 246.00 | 332.00 | WARN |
Version: 1.3.5
Check: whether package can be installed
Result: WARN
Found the following significant warnings:
../inst/include/affinity_propagation.h:360:34: warning: overflow in conversion from ‘double’ to ‘long long unsigned int’ changes value from ‘+QNaN’ to ‘0’ [-Woverflow]
../inst/include/affinity_propagation.h:448:30: warning: overflow in conversion from ‘double’ to ‘long long unsigned int’ changes value from ‘+QNaN’ to ‘0’ [-Woverflow]
See ‘/home/hornik/tmp/R.check/r-patched-gcc/Work/PKGS/ClusterR.Rcheck/00install.out’ for details.
* used C compiler: ‘gcc-14 (Debian 14.3.0-10) 14.3.0’
* used C++ compiler: ‘g++-14 (Debian 14.3.0-10) 14.3.0’
Flavor: r-patched-linux-x86_64
Version: 1.3.5
Check: installed package size
Result: NOTE
installed size is 10.0Mb
sub-directories of 1Mb or more:
libs 8.7Mb
Flavors: r-oldrel-macos-arm64, r-oldrel-macos-x86_64
Version: 1.3.5
Check: whether package can be installed
Result: WARN
Found the following significant warnings:
../inst/include/affinity_propagation.h:360:34: warning: overflow in conversion from 'double' to 'long long unsigned int' changes value from '+QNaN' to '0' [-Woverflow]
../inst/include/affinity_propagation.h:448:30: warning: overflow in conversion from 'double' to 'long long unsigned int' changes value from '+QNaN' to '0' [-Woverflow]
See 'd:/Rcompile/CRANpkg/local/4.4/ClusterR.Rcheck/00install.out' for details.
* used C compiler: 'gcc.exe (GCC) 13.3.0'
* used C++ compiler: 'g++.exe (GCC) 13.3.0'
Flavor: r-oldrel-windows-x86_64