CRAN Package Check Results for Package ConconiAnaerobicThresholdTest

Last updated on 2025-07-17 02:49:21 CEST.

Flavor Version Tinstall Tcheck Ttotal Status Flags
r-devel-linux-x86_64-debian-clang 1.0.0 5.91 62.44 68.35 NOTE
r-devel-linux-x86_64-debian-gcc 1.0.0 4.27 44.89 49.16 NOTE
r-devel-linux-x86_64-fedora-clang 1.0.0 100.93 NOTE
r-devel-linux-x86_64-fedora-gcc 1.0.0 109.31 NOTE
r-devel-windows-x86_64 1.0.0 7.00 71.00 78.00 NOTE
r-patched-linux-x86_64 1.0.0 5.23 58.51 63.74 NOTE
r-release-linux-x86_64 1.0.0 4.13 57.58 61.71 NOTE
r-release-macos-arm64 1.0.0 37.00 NOTE
r-release-macos-x86_64 1.0.0 61.00 NOTE
r-release-windows-x86_64 1.0.0 7.00 70.00 77.00 NOTE
r-oldrel-macos-arm64 1.0.0 35.00 OK
r-oldrel-macos-x86_64 1.0.0 51.00 OK
r-oldrel-windows-x86_64 1.0.0 9.00 85.00 94.00 OK

Check Details

Version: 1.0.0
Check: DESCRIPTION meta-information
Result: NOTE Missing dependency on R >= 4.1.0 because package code uses the pipe |> or function shorthand \(...) syntax added in R 4.1.0. File(s) using such syntax: ‘fitmodel.R’ Flavors: r-devel-linux-x86_64-debian-clang, r-devel-linux-x86_64-debian-gcc, r-devel-linux-x86_64-fedora-clang, r-devel-linux-x86_64-fedora-gcc, r-devel-windows-x86_64, r-patched-linux-x86_64, r-release-linux-x86_64, r-release-macos-arm64, r-release-macos-x86_64, r-release-windows-x86_64