CRAN Package Check Results for Package FishPhyloMaker

Last updated on 2025-10-09 02:51:42 CEST.

Flavor Version Tinstall Tcheck Ttotal Status Flags
r-devel-linux-x86_64-debian-clang 0.2.0 3.56 38.82 42.38 OK
r-devel-linux-x86_64-debian-gcc 0.2.0 2.62 29.80 32.42 OK
r-devel-linux-x86_64-fedora-clang 0.2.0 63.02 NOTE
r-devel-linux-x86_64-fedora-gcc 0.2.0 75.49 NOTE
r-devel-windows-x86_64 0.2.0 6.00 62.00 68.00 OK
r-patched-linux-x86_64 0.2.0 3.41 36.34 39.75 OK
r-release-linux-x86_64 0.2.0 3.43 36.85 40.28 OK
r-release-macos-arm64 0.2.0 30.00 OK
r-release-macos-x86_64 0.2.0 55.00 OK
r-release-windows-x86_64 0.2.0 5.00 63.00 68.00 OK
r-oldrel-macos-arm64 0.2.0 28.00 OK
r-oldrel-macos-x86_64 0.2.0 46.00 OK
r-oldrel-windows-x86_64 0.2.0 7.00 67.00 74.00 OK

Check Details

Version: 0.2.0
Check: dependencies in R code
Result: NOTE Namespaces in Imports field not imported from: ‘knitr’ ‘rmarkdown’ ‘utils’ All declared Imports should be used. Flavors: r-devel-linux-x86_64-fedora-clang, r-devel-linux-x86_64-fedora-gcc