Last updated on 2025-10-09 02:51:44 CEST.
Flavor | Version | Tinstall | Tcheck | Ttotal | Status | Flags |
---|---|---|---|---|---|---|
r-devel-linux-x86_64-debian-clang | 1.5 | 2.79 | 174.58 | 177.37 | NOTE | |
r-devel-linux-x86_64-debian-gcc | 1.5 | 2.57 | 120.71 | 123.28 | NOTE | |
r-devel-linux-x86_64-fedora-clang | 1.5 | 274.26 | OK | |||
r-devel-linux-x86_64-fedora-gcc | 1.5 | 290.17 | OK | |||
r-devel-windows-x86_64 | 1.5 | 6.00 | 190.00 | 196.00 | OK | |
r-patched-linux-x86_64 | 1.5 | 3.26 | 173.42 | 176.68 | OK | |
r-release-linux-x86_64 | 1.5 | 2.40 | 185.94 | 188.34 | OK | |
r-release-macos-arm64 | 1.5 | 77.00 | OK | |||
r-release-macos-x86_64 | 1.5 | 187.00 | OK | |||
r-release-windows-x86_64 | 1.5 | 4.00 | 189.00 | 193.00 | OK | |
r-oldrel-macos-arm64 | 1.5 | 81.00 | OK | |||
r-oldrel-macos-x86_64 | 1.5 | 152.00 | OK | |||
r-oldrel-windows-x86_64 | 1.5 | 5.00 | 200.00 | 205.00 | OK |
Version: 1.5
Check: CRAN incoming feasibility
Result: NOTE
Maintainer: ‘Cyprien Mbogning <cyprien.mbogning@gmail.com>’
No Authors@R field in DESCRIPTION.
Please add one, modifying
Authors@R: c(person(given = "Cyprien",
family = "Mbogning",
role = c("aut", "cre"),
email = "cyprien.mbogning@inserm.fr"),
person(given = "Wilson",
family = "Toussile",
role = "aut"))
as necessary.
Flavors: r-devel-linux-x86_64-debian-clang, r-devel-linux-x86_64-debian-gcc