Last updated on 2025-11-02 02:50:46 CET.
| Flavor | Version | Tinstall | Tcheck | Ttotal | Status | Flags |
|---|---|---|---|---|---|---|
| r-devel-linux-x86_64-debian-clang | 1.2.6 | 18.48 | 58.28 | 76.76 | OK | |
| r-devel-linux-x86_64-debian-gcc | 1.2.6 | 14.22 | 46.42 | 60.64 | OK | |
| r-devel-linux-x86_64-fedora-clang | 1.2.6 | 44.00 | 74.53 | 118.53 | OK | |
| r-devel-linux-x86_64-fedora-gcc | 1.2.6 | 50.00 | 81.08 | 131.08 | OK | |
| r-devel-windows-x86_64 | 1.2.6 | 22.00 | 92.00 | 114.00 | OK | |
| r-patched-linux-x86_64 | 1.2.6 | 18.51 | 56.33 | 74.84 | OK | |
| r-release-linux-x86_64 | 1.2.6 | 19.28 | 56.42 | 75.70 | OK | |
| r-release-macos-arm64 | 1.2.6 | 11.00 | 185.00 | 196.00 | OK | |
| r-release-macos-x86_64 | 1.2.6 | 17.00 | 112.00 | 129.00 | OK | |
| r-release-windows-x86_64 | 1.2.6 | 24.00 | 87.00 | 111.00 | OK | |
| r-oldrel-macos-arm64 | 1.2.6 | 8.00 | 42.00 | 50.00 | NOTE | |
| r-oldrel-macos-x86_64 | 1.2.6 | 19.00 | 107.00 | 126.00 | NOTE | |
| r-oldrel-windows-x86_64 | 1.2.6 | 29.00 | 113.00 | 142.00 | OK |
Version: 1.2.6
Check: installed package size
Result: NOTE
installed size is 5.5Mb
sub-directories of 1Mb or more:
extdata 2.5Mb
libs 2.5Mb
Flavors: r-oldrel-macos-arm64, r-oldrel-macos-x86_64