Last updated on 2024-07-18 01:55:33 CEST.
Flavor | Version | Tinstall | Tcheck | Ttotal | Status | Flags |
---|---|---|---|---|---|---|
r-devel-linux-x86_64-debian-clang | 1.1.21 | 7.29 | 62.70 | 69.99 | OK | |
r-devel-linux-x86_64-debian-gcc | 1.1.21 | 6.34 | 45.05 | 51.39 | OK | |
r-devel-linux-x86_64-fedora-clang | 1.1.21 | 90.16 | NOTE | |||
r-devel-linux-x86_64-fedora-gcc | 1.1.21 | 83.63 | OK | |||
r-devel-windows-x86_64 | 1.1.21 | 9.00 | 72.00 | 81.00 | OK | |
r-patched-linux-x86_64 | 1.1.21 | 10.04 | 60.49 | 70.53 | OK | |
r-release-linux-x86_64 | 1.1.21 | 7.75 | 60.54 | 68.29 | OK | |
r-release-macos-arm64 | 1.1.21 | 26.00 | OK | |||
r-release-macos-x86_64 | 1.1.21 | 48.00 | OK | |||
r-release-windows-x86_64 | 1.1.21 | 9.00 | 73.00 | 82.00 | OK | |
r-oldrel-macos-arm64 | 1.1.21 | 42.00 | OK | |||
r-oldrel-macos-x86_64 | 1.1.21 | 76.00 | OK | |||
r-oldrel-windows-x86_64 | 1.1.21 | 10.00 | 79.00 | 89.00 | OK |
Version: 1.1.21
Check: Rd cross-references
Result: NOTE
Undeclared packages ‘sfsmisc’, ‘RColorBrewer’, ‘hexbin’ in Rd xrefs
Flavor: r-devel-linux-x86_64-fedora-clang