CRAN Package Check Results for Package Kpart

Last updated on 2025-10-11 01:50:14 CEST.

Flavor Version Tinstall Tcheck Ttotal Status Flags
r-devel-linux-x86_64-debian-clang 1.2.2 1.49 18.42 19.91 NOTE
r-devel-linux-x86_64-debian-gcc 1.2.2 1.33 15.52 16.85 NOTE
r-devel-linux-x86_64-fedora-clang 1.2.2 29.34 OK
r-devel-linux-x86_64-fedora-gcc 1.2.2 28.40 OK
r-devel-windows-x86_64 1.2.2 2.00 36.00 38.00 OK
r-patched-linux-x86_64 1.2.2 1.64 17.25 18.89 OK
r-release-linux-x86_64 1.2.2 1.55 17.49 19.04 OK
r-release-macos-arm64 1.2.2 16.00 OK
r-release-macos-x86_64 1.2.2 31.00 OK
r-release-windows-x86_64 1.2.2 3.00 39.00 42.00 OK
r-oldrel-macos-arm64 1.2.2 14.00 OK
r-oldrel-macos-x86_64 1.2.2 19.00 OK
r-oldrel-windows-x86_64 1.2.2 2.00 41.00 43.00 OK

Check Details

Version: 1.2.2
Check: CRAN incoming feasibility
Result: NOTE Maintainer: ‘Eric Golinko <egolinko@gmail.com>’ No Authors@R field in DESCRIPTION. Please add one, modifying Authors@R: person(given = "Eric", family = "Golinko", role = c("aut", "cre"), email = "egolinko@gmail.com") as necessary. Flavors: r-devel-linux-x86_64-debian-clang, r-devel-linux-x86_64-debian-gcc