Last updated on 2025-11-12 02:53:02 CET.
| Flavor | Version | Tinstall | Tcheck | Ttotal | Status | Flags |
|---|---|---|---|---|---|---|
| r-devel-linux-x86_64-debian-clang | 2.13 | 189.51 | 184.10 | 373.61 | OK | |
| r-devel-linux-x86_64-debian-gcc | 2.13 | 123.70 | 124.61 | 248.31 | OK | |
| r-devel-linux-x86_64-fedora-clang | 2.13 | 599.00 | 107.01 | 706.01 | OK | |
| r-devel-linux-x86_64-fedora-gcc | 2.13 | 419.00 | 194.60 | 613.60 | OK | |
| r-devel-windows-x86_64 | 2.13 | 221.00 | 232.00 | 453.00 | OK | |
| r-patched-linux-x86_64 | 2.13 | 195.52 | 179.28 | 374.80 | OK | |
| r-release-linux-x86_64 | 2.13 | 186.37 | 173.22 | 359.59 | OK | |
| r-release-macos-arm64 | 2.13 | 64.00 | 71.00 | 135.00 | OK | |
| r-release-macos-x86_64 | 2.13 | 77.00 | 179.00 | 256.00 | OK | |
| r-release-windows-x86_64 | 2.13 | 218.00 | 221.00 | 439.00 | OK | |
| r-oldrel-macos-arm64 | 2.13 | 64.00 | 76.00 | 140.00 | NOTE | |
| r-oldrel-macos-x86_64 | 2.13 | 75.00 | 179.00 | 254.00 | NOTE | |
| r-oldrel-windows-x86_64 | 2.13 | 257.00 | 298.00 | 555.00 | NOTE |
Version: 2.13
Check: installed package size
Result: NOTE
installed size is 11.6Mb
sub-directories of 1Mb or more:
data 2.0Mb
libs 7.9Mb
Flavors: r-oldrel-macos-arm64, r-oldrel-macos-x86_64, r-oldrel-windows-x86_64