CRAN Package Check Results for Package OrdNor

Last updated on 2025-10-05 01:48:36 CEST.

Flavor Version Tinstall Tcheck Ttotal Status Flags
r-devel-linux-x86_64-debian-clang 2.2.3 8.98 71.48 80.46 NOTE
r-devel-linux-x86_64-debian-gcc 2.2.3 6.29 53.91 60.20 NOTE
r-devel-linux-x86_64-fedora-clang 2.2.3 128.77 OK
r-devel-linux-x86_64-fedora-gcc 2.2.3 122.98 OK
r-devel-windows-x86_64 2.2.3 10.00 80.00 90.00 OK
r-patched-linux-x86_64 2.2.3 8.88 68.67 77.55 OK
r-release-linux-x86_64 2.2.3 8.46 68.69 77.15 OK
r-release-macos-arm64 2.2.3 33.00 OK
r-release-macos-x86_64 2.2.3 51.00 OK
r-release-windows-x86_64 2.2.3 8.00 81.00 89.00 OK
r-oldrel-macos-arm64 2.2.3 29.00 OK
r-oldrel-macos-x86_64 2.2.3 42.00 OK
r-oldrel-windows-x86_64 2.2.3 12.00 106.00 118.00 OK

Check Details

Version: 2.2.3
Check: CRAN incoming feasibility
Result: NOTE Maintainer: ‘Ran Gao <rgao8@uic.edu>’ No Authors@R field in DESCRIPTION. Please add one, modifying Authors@R: c(person(given = "Anup", family = "Amatya", role = "aut"), person(given = "Hakan", family = "Demirtas", role = "aut"), person(given = "Ran", family = "Gao", role = c("aut", "cre"), email = "rgao8@uic.edu")) as necessary. Flavors: r-devel-linux-x86_64-debian-clang, r-devel-linux-x86_64-debian-gcc