Last updated on 2024-05-13 01:52:24 CEST.
Flavor | Version | Tinstall | Tcheck | Ttotal | Status | Flags |
---|---|---|---|---|---|---|
r-devel-linux-x86_64-debian-clang | 0.4.1 | 57.39 | 316.12 | 373.51 | NOTE | |
r-devel-linux-x86_64-debian-gcc | 0.4.1 | 38.72 | 252.65 | 291.37 | NOTE | |
r-devel-linux-x86_64-fedora-clang | 0.4.1 | 462.99 | NOTE | |||
r-devel-linux-x86_64-fedora-gcc | 0.4.1 | 572.69 | NOTE | |||
r-devel-windows-x86_64 | 0.4.1 | 43.00 | 313.00 | 356.00 | NOTE | |
r-patched-linux-x86_64 | 0.4.1 | 52.93 | 328.79 | 381.72 | NOTE | |
r-release-linux-x86_64 | 0.4.1 | 51.91 | 321.79 | 373.70 | NOTE | |
r-release-macos-arm64 | 0.4.1 | 138.00 | NOTE | |||
r-release-windows-x86_64 | 0.4.1 | 43.00 | 313.00 | 356.00 | NOTE | |
r-oldrel-macos-arm64 | 0.4.1 | 150.00 | OK | |||
r-oldrel-macos-x86_64 | 0.4.1 | 266.00 | OK | |||
r-oldrel-windows-x86_64 | 0.4.1 | 55.00 | 375.00 | 430.00 | OK |
Version: 0.4.1
Check: Rd files
Result: NOTE
checkRd: (-1) computeResponseProbability.Rd:12: Lost braces; missing escapes or markup?
12 | \item{model}{the item model to use. Accepts \code{grm} or {gpcm}.}
| ^
Flavors: r-devel-linux-x86_64-debian-clang, r-devel-linux-x86_64-debian-gcc, r-devel-linux-x86_64-fedora-clang, r-devel-linux-x86_64-fedora-gcc, r-devel-windows-x86_64, r-patched-linux-x86_64, r-release-linux-x86_64, r-release-macos-arm64, r-release-windows-x86_64