Last updated on 2025-11-01 01:50:41 CET.
| Flavor | Version | Tinstall | Tcheck | Ttotal | Status | Flags |
|---|---|---|---|---|---|---|
| r-devel-linux-x86_64-debian-clang | 3.0.0 | 5.22 | 50.28 | 55.50 | OK | |
| r-devel-linux-x86_64-debian-gcc | 3.0.0 | 3.07 | 38.33 | 41.40 | OK | |
| r-devel-linux-x86_64-fedora-clang | 3.0.0 | 18.00 | 71.23 | 89.23 | OK | |
| r-devel-linux-x86_64-fedora-gcc | 3.0.0 | 94.81 | OK | |||
| r-devel-windows-x86_64 | 1.1.0 | 8.00 | 77.00 | 85.00 | OK | |
| r-patched-linux-x86_64 | 3.0.0 | 4.98 | 46.64 | 51.62 | OK | |
| r-release-linux-x86_64 | 1.1.0 | 4.30 | 44.68 | 48.98 | OK | |
| r-release-macos-arm64 | 3.0.0 | 3.00 | 31.00 | 34.00 | OK | |
| r-release-macos-x86_64 | 3.0.0 | 8.00 | 108.00 | 116.00 | OK | |
| r-release-windows-x86_64 | 3.0.0 | 8.00 | 93.00 | 101.00 | OK | |
| r-oldrel-macos-arm64 | 3.0.0 | 3.00 | 34.00 | 37.00 | OK | |
| r-oldrel-macos-x86_64 | 3.0.0 | 8.00 | 111.00 | 119.00 | OK | |
| r-oldrel-windows-x86_64 | 1.1.0 | 10.00 | 82.00 | 92.00 | NOTE |
Version: 1.1.0
Check: LazyData
Result: NOTE
'LazyData' is specified without a 'data' directory
Flavor: r-oldrel-windows-x86_64