Last updated on 2025-10-05 01:48:44 CEST.
Flavor | Version | Tinstall | Tcheck | Ttotal | Status | Flags |
---|---|---|---|---|---|---|
r-devel-linux-x86_64-debian-clang | 0.6.0 | 2.35 | 64.63 | 66.98 | OK | |
r-devel-linux-x86_64-debian-gcc | 0.6.0 | 1.95 | 49.30 | 51.25 | OK | |
r-devel-linux-x86_64-fedora-clang | 0.6.0 | 102.01 | OK | |||
r-devel-linux-x86_64-fedora-gcc | 0.6.0 | 123.64 | OK | |||
r-devel-windows-x86_64 | 0.6.0 | 5.00 | 86.00 | 91.00 | OK | |
r-patched-linux-x86_64 | 0.6.0 | 3.27 | 59.49 | 62.76 | OK | |
r-release-linux-x86_64 | 0.6.0 | 2.04 | 59.55 | 61.59 | ERROR | |
r-release-macos-arm64 | 0.6.0 | 48.00 | OK | |||
r-release-macos-x86_64 | 0.6.0 | 76.00 | OK | |||
r-release-windows-x86_64 | 0.6.0 | 6.00 | 85.00 | 91.00 | OK | |
r-oldrel-macos-arm64 | 0.6.0 | 51.00 | OK | |||
r-oldrel-macos-x86_64 | 0.6.0 | 98.00 | OK | |||
r-oldrel-windows-x86_64 | 0.6.0 | 6.00 | 98.00 | 104.00 | OK |
Version: 0.6.0
Check: tests
Result: ERROR
Running ‘spelling.R’ [0s/0s]
Running ‘testthat.R’ [4s/5s]
Running the tests in ‘tests/testthat.R’ failed.
Complete output:
> # This file is part of the standard setup for testthat.
> # It is recommended that you do not modify it.
> #
> # Where should you do additional test configuration?
> # Learn more about the roles of various files in:
> # * https://r-pkgs.org/testing-design.html#sec-tests-files-overview
> # * https://testthat.r-lib.org/articles/special-files.html
>
> library(testthat)
> library(StratPal)
>
> test_check("StratPal")
[ FAIL 1 | WARN 0 | SKIP 0 | PASS 100 ]
══ Failed tests ════════════════════════════════════════════════════════════════
── Failure ('test_apply_taphonomy.R:50:3'): warning is thrown with fossil age uncertainty ──
`apply_taphonomy(f, pres_potential, ctc)` did not throw the expected warning.
[ FAIL 1 | WARN 0 | SKIP 0 | PASS 100 ]
Error: Test failures
Execution halted
Flavor: r-release-linux-x86_64