Last updated on 2024-05-09 01:56:11 CEST.
Flavor | Version | Tinstall | Tcheck | Ttotal | Status | Flags |
---|---|---|---|---|---|---|
r-devel-linux-x86_64-debian-clang | 1.6.1 | 176.26 | 438.76 | 615.02 | NOTE | |
r-devel-linux-x86_64-debian-gcc | 1.6.1 | 131.74 | 307.91 | 439.65 | NOTE | |
r-devel-linux-x86_64-fedora-clang | 1.6.1 | 893.52 | NOTE | |||
r-devel-linux-x86_64-fedora-gcc | 1.6.1 | 855.03 | NOTE | |||
r-devel-windows-x86_64 | 1.6.1 | 131.00 | 354.00 | 485.00 | NOTE | |
r-patched-linux-x86_64 | 1.6.1 | 170.50 | 409.84 | 580.34 | NOTE | |
r-release-linux-x86_64 | 1.6.1 | 159.52 | 312.24 | 471.76 | NOTE | |
r-release-macos-arm64 | 1.6.1 | 171.00 | NOTE | |||
r-release-macos-x86_64 | 1.6.1 | 501.00 | NOTE | |||
r-release-windows-x86_64 | 1.6.1 | 136.00 | 340.00 | 476.00 | NOTE | |
r-oldrel-macos-arm64 | 1.6.1 | 176.00 | NOTE | |||
r-oldrel-macos-x86_64 | 1.6.1 | 447.00 | NOTE | |||
r-oldrel-windows-x86_64 | 1.6.1 | 163.00 | 472.00 | 635.00 | NOTE |
Version: 1.6.1
Check: package dependencies
Result: NOTE
Package suggested but not available for checking: ‘gurobi’
Flavors: r-devel-linux-x86_64-debian-clang, r-devel-linux-x86_64-debian-gcc, r-devel-linux-x86_64-fedora-clang, r-devel-linux-x86_64-fedora-gcc, r-devel-windows-x86_64, r-patched-linux-x86_64, r-release-linux-x86_64, r-release-macos-arm64, r-release-macos-x86_64, r-release-windows-x86_64, r-oldrel-macos-arm64, r-oldrel-macos-x86_64, r-oldrel-windows-x86_64
Version: 1.6.1
Check: installed package size
Result: NOTE
installed size is 8.8Mb
sub-directories of 1Mb or more:
libs 6.4Mb
Flavors: r-release-macos-arm64, r-release-macos-x86_64, r-oldrel-macos-arm64, r-oldrel-macos-x86_64