CRAN Package Check Results for Package VAM

Last updated on 2025-10-09 02:52:02 CEST.

Flavor Version Tinstall Tcheck Ttotal Status Flags
r-devel-linux-x86_64-debian-clang 1.1.0 6.61 112.07 118.68 NOTE
r-devel-linux-x86_64-debian-gcc 1.1.0 4.91 82.20 87.11 NOTE
r-devel-linux-x86_64-fedora-clang 1.1.0 179.15 OK
r-devel-linux-x86_64-fedora-gcc 1.1.0 185.73 OK
r-devel-windows-x86_64 1.1.0 7.00 158.00 165.00 OK
r-patched-linux-x86_64 1.1.0 6.51 105.96 112.47 OK
r-release-linux-x86_64 1.1.0 6.40 107.68 114.08 OK
r-release-macos-arm64 1.1.0 75.00 OK
r-release-macos-x86_64 1.1.0 126.00 OK
r-release-windows-x86_64 1.1.0 7.00 161.00 168.00 OK
r-oldrel-macos-arm64 1.1.0 59.00 OK
r-oldrel-macos-x86_64 1.1.0 94.00 OK
r-oldrel-windows-x86_64 1.1.0 9.00 174.00 183.00 OK

Check Details

Version: 1.1.0
Check: CRAN incoming feasibility
Result: NOTE Maintainer: ‘H. Robert Frost <rob.frost@dartmouth.edu>’ No Authors@R field in DESCRIPTION. Please add one, modifying Authors@R: person(given = c("H.", "Robert"), family = "Frost", role = c("aut", "cre"), email = "rob.frost@dartmouth.edu") as necessary. Flavors: r-devel-linux-x86_64-debian-clang, r-devel-linux-x86_64-debian-gcc