Last updated on 2025-10-05 01:48:23 CEST.
Flavor | Version | Tinstall | Tcheck | Ttotal | Status | Flags |
---|---|---|---|---|---|---|
r-devel-linux-x86_64-debian-clang | 0.1.6 | 7.83 | 54.66 | 62.49 | OK | |
r-devel-linux-x86_64-debian-gcc | 0.1.6 | 4.62 | 41.28 | 45.90 | OK | |
r-devel-linux-x86_64-fedora-clang | 0.1.6 | 93.72 | OK | |||
r-devel-linux-x86_64-fedora-gcc | 0.1.6 | 109.50 | OK | |||
r-devel-windows-x86_64 | 0.1.6 | 11.00 | 65.00 | 76.00 | OK | |
r-patched-linux-x86_64 | 0.1.6 | 7.21 | 50.60 | 57.81 | OK | |
r-release-linux-x86_64 | 0.1.6 | 7.23 | 51.82 | 59.05 | OK | |
r-release-macos-arm64 | 0.1.6 | 36.00 | OK | |||
r-release-macos-x86_64 | 0.1.6 | 80.00 | OK | |||
r-release-windows-x86_64 | 0.1.6 | 10.00 | 67.00 | 77.00 | OK | |
r-oldrel-macos-arm64 | 0.1.6 | 34.00 | NOTE | |||
r-oldrel-macos-x86_64 | 0.1.6 | 53.00 | NOTE | |||
r-oldrel-windows-x86_64 | 0.1.6 | 13.00 | 81.00 | 94.00 | NOTE |
Version: 0.1.6
Check: LazyData
Result: NOTE
'LazyData' is specified without a 'data' directory
Flavors: r-oldrel-macos-arm64, r-oldrel-macos-x86_64, r-oldrel-windows-x86_64