CRAN Package Check Results for Package aifeducation

Last updated on 2025-10-17 02:50:15 CEST.

Flavor Version Tinstall Tcheck Ttotal Status Flags
r-devel-linux-x86_64-debian-clang 1.1.1 60.80 140.95 201.75 OK
r-devel-linux-x86_64-debian-gcc 1.1.2 44.41 97.15 141.56 OK
r-devel-linux-x86_64-fedora-clang 1.1.2 354.31 OK
r-devel-linux-x86_64-fedora-gcc 1.1.2 355.95 OK
r-devel-windows-x86_64 1.1.1 72.00 169.00 241.00 OK
r-patched-linux-x86_64 1.1.2 67.49 130.06 197.55 OK
r-release-linux-x86_64 1.1.1 66.67 132.82 199.49 OK
r-release-macos-arm64 1.1.1 83.00 OK
r-release-macos-x86_64 1.1.2 161.00 OK
r-release-windows-x86_64 1.1.2 73.00 170.00 243.00 OK
r-oldrel-macos-arm64 1.1.1 87.00 NOTE
r-oldrel-macos-x86_64 1.1.2 167.00 NOTE
r-oldrel-windows-x86_64 1.1.1 91.00 216.00 307.00 NOTE

Check Details

Version: 1.1.1
Check: installed package size
Result: NOTE installed size is 7.0Mb sub-directories of 1Mb or more: R 2.1Mb help 1.6Mb libs 2.6Mb Flavors: r-oldrel-macos-arm64, r-oldrel-windows-x86_64

Version: 1.1.2
Check: installed package size
Result: NOTE installed size is 6.1Mb sub-directories of 1Mb or more: R 2.0Mb libs 2.7Mb Flavor: r-oldrel-macos-x86_64