Last updated on 2025-10-09 02:51:35 CEST.
Flavor | Version | Tinstall | Tcheck | Ttotal | Status | Flags |
---|---|---|---|---|---|---|
r-devel-linux-x86_64-debian-clang | 0.1.7 | 18.36 | 261.64 | 280.00 | NOTE | |
r-devel-linux-x86_64-debian-gcc | 0.1.7 | 11.82 | 185.54 | 197.36 | NOTE | |
r-devel-linux-x86_64-fedora-clang | 0.1.7 | 394.82 | OK | |||
r-devel-linux-x86_64-fedora-gcc | 0.1.7 | 397.97 | OK | |||
r-devel-windows-x86_64 | 0.1.7 | 20.00 | 222.00 | 242.00 | OK | |
r-patched-linux-x86_64 | 0.1.7 | 17.74 | 246.23 | 263.97 | OK | |
r-release-linux-x86_64 | 0.1.7 | 17.39 | 245.48 | 262.87 | OK | |
r-release-macos-arm64 | 0.1.7 | 136.00 | OK | |||
r-release-macos-x86_64 | 0.1.7 | 164.00 | OK | |||
r-release-windows-x86_64 | 0.1.7 | 20.00 | 221.00 | 241.00 | OK | |
r-oldrel-macos-arm64 | 0.1.7 | 89.00 | OK | |||
r-oldrel-macos-x86_64 | 0.1.7 | 150.00 | OK | |||
r-oldrel-windows-x86_64 | 0.1.7 | 27.00 | 260.00 | 287.00 | OK |
Version: 0.1.7
Check: DESCRIPTION meta-information
Result: NOTE
Author field differs from that derived from Authors@R
Author: ‘J. Aravind [aut, cre] (<https://orcid.org/0000-0002-4791-442X>), S. Mukesh Sankar [aut] (<https://orcid.org/0000-0001-5459-392X>), Dhammaprakash Pandhari Wankhede [aut] (<https://orcid.org/0000-0001-6384-8664>), Vikender Kaur [aut] (<https://orcid.org/0000-0001-9698-7329>), ICAR-NBGPR [cph] (www.nbpgr.ernet.in)’
Authors@R: ‘J. Aravind [aut, cre] (ORCID: <https://orcid.org/0000-0002-4791-442X>), S. Mukesh Sankar [aut] (ORCID: <https://orcid.org/0000-0001-5459-392X>), Dhammaprakash Pandhari Wankhede [aut] (ORCID: <https://orcid.org/0000-0001-6384-8664>), Vikender Kaur [aut] (ORCID: <https://orcid.org/0000-0001-9698-7329>), ICAR-NBGPR [cph] (url: www.nbpgr.ernet.in)’
Flavors: r-devel-linux-x86_64-debian-clang, r-devel-linux-x86_64-debian-gcc