Last updated on 2025-10-09 02:51:35 CEST.
Flavor | Version | Tinstall | Tcheck | Ttotal | Status | Flags |
---|---|---|---|---|---|---|
r-devel-linux-x86_64-debian-clang | 1.2-5 | 74.08 | 361.68 | 435.76 | OK | |
r-devel-linux-x86_64-debian-gcc | 1.2-5 | 46.96 | 218.54 | 265.50 | OK | |
r-devel-linux-x86_64-fedora-clang | 1.2-5 | 711.07 | OK | |||
r-devel-linux-x86_64-fedora-gcc | 1.2-5 | 718.71 | OK | |||
r-devel-windows-x86_64 | 1.2-5 | 72.00 | 307.00 | 379.00 | OK | |
r-patched-linux-x86_64 | 1.2-5 | 71.89 | 340.01 | 411.90 | OK | |
r-release-linux-x86_64 | 1.2-5 | 76.59 | 341.48 | 418.07 | OK | |
r-release-macos-arm64 | 1.2-5 | 163.00 | OK | |||
r-release-macos-x86_64 | 1.2-5 | 630.00 | OK | |||
r-release-windows-x86_64 | 1.2-5 | 73.00 | 309.00 | 382.00 | OK | |
r-oldrel-macos-arm64 | 1.2-5 | 127.00 | NOTE | |||
r-oldrel-macos-x86_64 | 1.2-5 | 338.00 | NOTE | |||
r-oldrel-windows-x86_64 | 1.2-5 | 103.00 | 409.00 | 512.00 | OK |
Version: 1.2-5
Check: installed package size
Result: NOTE
installed size is 5.2Mb
sub-directories of 1Mb or more:
R 3.0Mb
Flavors: r-oldrel-macos-arm64, r-oldrel-macos-x86_64