Last updated on 2024-07-18 01:55:26 CEST.
Flavor | Version | Tinstall | Tcheck | Ttotal | Status | Flags |
---|---|---|---|---|---|---|
r-devel-linux-x86_64-debian-clang | 1.0.4 | 2.52 | 29.38 | 31.90 | NOTE | |
r-devel-linux-x86_64-debian-gcc | 1.0.4 | 2.14 | 21.95 | 24.09 | NOTE | |
r-devel-linux-x86_64-fedora-clang | 1.0.4 | 39.89 | NOTE | |||
r-devel-linux-x86_64-fedora-gcc | 1.0.4 | 38.47 | NOTE | |||
r-devel-windows-x86_64 | 1.0.4 | 4.00 | 46.00 | 50.00 | NOTE | |
r-patched-linux-x86_64 | 1.0.4 | 2.61 | 28.77 | 31.38 | NOTE | |
r-release-linux-x86_64 | 1.0.4 | 2.45 | 28.64 | 31.09 | NOTE | |
r-release-macos-arm64 | 1.0.4 | 17.00 | NOTE | |||
r-release-macos-x86_64 | 1.0.4 | 36.00 | NOTE | |||
r-release-windows-x86_64 | 1.0.4 | 3.00 | 46.00 | 49.00 | NOTE | |
r-oldrel-macos-arm64 | 1.0.4 | 18.00 | NOTE | |||
r-oldrel-macos-x86_64 | 1.0.4 | 23.00 | NOTE | |||
r-oldrel-windows-x86_64 | 1.0.4 | 4.00 | 48.00 | 52.00 | NOTE |
Version: 1.0.4
Check: LazyData
Result: NOTE
'LazyData' is specified without a 'data' directory
Flavors: r-devel-linux-x86_64-debian-clang, r-devel-linux-x86_64-debian-gcc, r-devel-linux-x86_64-fedora-clang, r-devel-linux-x86_64-fedora-gcc, r-devel-windows-x86_64, r-patched-linux-x86_64, r-release-linux-x86_64, r-release-macos-arm64, r-release-macos-x86_64, r-release-windows-x86_64, r-oldrel-macos-arm64, r-oldrel-macos-x86_64, r-oldrel-windows-x86_64
Version: 1.0.4
Check: for non-standard things in the check directory
Result: NOTE
Found the following files/directories:
‘dump.txt’
Flavors: r-devel-linux-x86_64-debian-clang, r-devel-linux-x86_64-debian-gcc, r-devel-linux-x86_64-fedora-clang, r-devel-linux-x86_64-fedora-gcc, r-patched-linux-x86_64, r-release-linux-x86_64