CRAN Package Check Results for Package belex

Last updated on 2025-11-12 02:52:51 CET.

Flavor Version Tinstall Tcheck Ttotal Status Flags
r-devel-linux-x86_64-debian-clang 0.1.0 1.65 19.87 21.52 OK
r-devel-linux-x86_64-debian-gcc 0.1.0 1.57 16.88 18.45 OK
r-devel-linux-x86_64-fedora-clang 0.1.0 31.41 OK
r-devel-linux-x86_64-fedora-gcc 0.1.0 28.92 OK
r-devel-windows-x86_64 0.1.0 3.00 37.00 40.00 OK
r-patched-linux-x86_64 0.1.0 1.62 17.86 19.48 OK
r-release-linux-x86_64 0.1.0 1.63 17.90 19.53 OK
r-release-macos-arm64 0.1.0 1.00 14.00 15.00 OK
r-release-macos-x86_64 0.1.0 2.00 30.00 32.00 OK
r-release-windows-x86_64 0.1.0 2.00 35.00 37.00 OK
r-oldrel-macos-arm64 0.1.0 1.00 17.00 18.00 NOTE
r-oldrel-macos-x86_64 0.1.0 2.00 27.00 29.00 NOTE
r-oldrel-windows-x86_64 0.1.0 3.00 42.00 45.00 NOTE

Check Details

Version: 0.1.0
Check: LazyData
Result: NOTE 'LazyData' is specified without a 'data' directory Flavors: r-oldrel-macos-arm64, r-oldrel-macos-x86_64, r-oldrel-windows-x86_64