Last updated on 2025-10-08 01:49:01 CEST.
Flavor | Version | Tinstall | Tcheck | Ttotal | Status | Flags |
---|---|---|---|---|---|---|
r-devel-linux-x86_64-debian-clang | 1.1.2 | 182.72 | 174.17 | 356.89 | NOTE | |
r-devel-linux-x86_64-debian-gcc | 1.1.2 | 147.69 | 139.66 | 287.35 | NOTE | |
r-devel-linux-x86_64-fedora-clang | 1.1.2 | 578.22 | OK | |||
r-devel-linux-x86_64-fedora-gcc | 1.1.2 | 633.74 | OK | |||
r-devel-windows-x86_64 | 1.1.2 | 176.00 | 200.00 | 376.00 | NOTE | |
r-patched-linux-x86_64 | 1.1.2 | 207.64 | 179.15 | 386.79 | NOTE | |
r-release-linux-x86_64 | 1.1.2 | 202.03 | 180.56 | 382.59 | NOTE | |
r-release-macos-arm64 | 1.1.2 | 145.00 | OK | |||
r-release-macos-x86_64 | 1.1.2 | 395.00 | OK | |||
r-release-windows-x86_64 | 1.1.2 | 180.00 | 208.00 | 388.00 | NOTE | |
r-oldrel-macos-arm64 | 1.1.2 | 82.00 | NOTE | |||
r-oldrel-macos-x86_64 | 1.1.2 | 138.00 | NOTE | |||
r-oldrel-windows-x86_64 | 1.1.2 | 224.00 | 257.00 | 481.00 | NOTE |
Version: 1.1.2
Check: Rd cross-references
Result: NOTE
Found the following Rd file(s) with Rd \link{} targets missing package
anchors:
waic.cumhist.Rd: loo-package
Please provide package anchors for all Rd \link{} targets not in the
package itself and the base packages.
Flavors: r-devel-linux-x86_64-debian-clang, r-devel-linux-x86_64-debian-gcc, r-devel-windows-x86_64, r-patched-linux-x86_64, r-release-linux-x86_64, r-release-windows-x86_64
Version: 1.1.2
Check: installed package size
Result: NOTE
installed size is 54.9Mb
sub-directories of 1Mb or more:
libs 53.9Mb
Flavors: r-oldrel-macos-arm64, r-oldrel-macos-x86_64
Version: 1.1.2
Check: for GNU extensions in Makefiles
Result: NOTE
GNU make is a SystemRequirements.
Flavors: r-oldrel-macos-arm64, r-oldrel-macos-x86_64, r-oldrel-windows-x86_64