Last updated on 2024-07-18 01:55:27 CEST.
Flavor | Version | Tinstall | Tcheck | Ttotal | Status | Flags |
---|---|---|---|---|---|---|
r-devel-linux-x86_64-debian-clang | 0.3.9 | 128.61 | 22.59 | 151.20 | OK | |
r-devel-linux-x86_64-debian-gcc | 0.3.9 | 100.99 | 17.70 | 118.69 | OK | |
r-devel-linux-x86_64-fedora-clang | 0.3.9 | 222.26 | OK | |||
r-devel-linux-x86_64-fedora-gcc | 0.3.9 | 221.13 | OK | |||
r-devel-windows-x86_64 | 0.3.9 | 81.00 | 52.00 | 133.00 | OK | |
r-patched-linux-x86_64 | 0.3.9 | 134.32 | 22.00 | 156.32 | OK | |
r-release-linux-x86_64 | 0.3.9 | 135.60 | 21.91 | 157.51 | OK | |
r-release-macos-arm64 | 0.3.9 | 44.00 | NOTE | |||
r-release-macos-x86_64 | 0.3.9 | 78.00 | NOTE | |||
r-release-windows-x86_64 | 0.3.9 | 86.00 | 62.00 | 148.00 | OK | |
r-oldrel-macos-arm64 | 0.3.9 | 53.00 | NOTE | |||
r-oldrel-macos-x86_64 | 0.3.9 | 106.00 | NOTE | |||
r-oldrel-windows-x86_64 | 0.3.9 | 83.00 | 74.00 | 157.00 | OK |
Version: 0.3.9
Check: installed package size
Result: NOTE
installed size is 7.4Mb
sub-directories of 1Mb or more:
libs 7.3Mb
Flavors: r-release-macos-arm64, r-release-macos-x86_64, r-oldrel-macos-arm64, r-oldrel-macos-x86_64