Last updated on 2025-11-27 01:48:28 CET.
| Flavor | Version | Tinstall | Tcheck | Ttotal | Status | Flags |
|---|---|---|---|---|---|---|
| r-devel-linux-x86_64-debian-clang | 1.1.1 | 20.12 | 29.32 | 49.44 | NOTE | |
| r-devel-linux-x86_64-debian-gcc | 1.1.1 | 15.02 | 23.66 | 38.68 | NOTE | |
| r-devel-linux-x86_64-fedora-clang | 1.1.1 | 49.00 | 32.36 | 81.36 | NOTE | |
| r-devel-linux-x86_64-fedora-gcc | 1.1.1 | 45.00 | 34.48 | 79.48 | NOTE | |
| r-devel-windows-x86_64 | 1.1.1 | 35.00 | 63.00 | 98.00 | NOTE | |
| r-patched-linux-x86_64 | 1.1.1 | 20.97 | 26.44 | 47.41 | NOTE | |
| r-release-linux-x86_64 | 1.1.1 | 21.27 | 26.65 | 47.92 | NOTE | |
| r-release-macos-arm64 | 1.1.1 | NOTE | ||||
| r-release-macos-x86_64 | 1.1.1 | 15.00 | 31.00 | 46.00 | NOTE | |
| r-release-windows-x86_64 | 1.1.1 | 26.00 | 62.00 | 88.00 | NOTE | |
| r-oldrel-macos-arm64 | 1.1.1 | NOTE | ||||
| r-oldrel-macos-x86_64 | 1.1.1 | 15.00 | 28.00 | 43.00 | NOTE | |
| r-oldrel-windows-x86_64 | 1.1.1 | 27.00 | 75.00 | 102.00 | NOTE |
Version: 1.1.1
Check: C++ specification
Result: NOTE
Specified C++11: please drop specification unless essential
Flavors: r-devel-linux-x86_64-debian-clang, r-devel-linux-x86_64-debian-gcc, r-devel-windows-x86_64, r-patched-linux-x86_64, r-release-linux-x86_64, r-release-macos-arm64, r-release-macos-x86_64, r-release-windows-x86_64, r-oldrel-macos-arm64, r-oldrel-macos-x86_64, r-oldrel-windows-x86_64
Version: 1.1.1
Check: Rd files
Result: NOTE
checkRd: (-1) chunker-methods.Rd:63: Lost braces in \enumerate; meant \describe ?
checkRd: (-1) chunker-methods.Rd:64: Lost braces in \enumerate; meant \describe ?
checkRd: (-1) chunker-methods.Rd:69: Lost braces in \enumerate; meant \describe ?
checkRd: (-1) chunker-methods.Rd:70: Lost braces in \enumerate; meant \describe ?
Flavors: r-devel-linux-x86_64-debian-clang, r-devel-linux-x86_64-debian-gcc, r-devel-linux-x86_64-fedora-clang, r-devel-linux-x86_64-fedora-gcc, r-devel-windows-x86_64, r-patched-linux-x86_64, r-release-linux-x86_64, r-release-macos-arm64, r-release-macos-x86_64, r-release-windows-x86_64, r-oldrel-macos-arm64, r-oldrel-macos-x86_64, r-oldrel-windows-x86_64
Version: 1.1.1
Check: C++ specification
Result: NOTE
Specified C++11: support will be removed soon
Flavors: r-devel-linux-x86_64-fedora-clang, r-devel-linux-x86_64-fedora-gcc