CRAN Package Check Results for Package cramer

Last updated on 2025-10-09 02:51:39 CEST.

Flavor Version Tinstall Tcheck Ttotal Status Flags
r-devel-linux-x86_64-debian-clang 0.9-4 9.56 26.98 36.54 NOTE
r-devel-linux-x86_64-debian-gcc 0.9-4 6.73 21.19 27.92 NOTE
r-devel-linux-x86_64-fedora-clang 0.9-4 57.85 OK
r-devel-linux-x86_64-fedora-gcc 0.9-4 52.34 OK
r-devel-windows-x86_64 0.9-4 13.00 62.00 75.00 OK
r-patched-linux-x86_64 0.9-4 10.17 25.62 35.79 OK
r-release-linux-x86_64 0.9-4 9.90 25.43 35.33 OK
r-release-macos-arm64 0.9-4 21.00 OK
r-release-macos-x86_64 0.9-4 35.00 OK
r-release-windows-x86_64 0.9-4 13.00 58.00 71.00 OK
r-oldrel-macos-arm64 0.9-4 21.00 OK
r-oldrel-macos-x86_64 0.9-4 30.00 OK
r-oldrel-windows-x86_64 0.9-4 12.00 69.00 81.00 OK

Check Details

Version: 0.9-4
Check: CRAN incoming feasibility
Result: NOTE Maintainer: ‘Carsten Franz <carsten.franz@gmail.com>’ No Authors@R field in DESCRIPTION. Please add one, modifying Authors@R: person(given = "Carsten", family = "Franz", role = c("aut", "cre"), email = "carsten.franz@gmail.com") as necessary. Flavors: r-devel-linux-x86_64-debian-clang, r-devel-linux-x86_64-debian-gcc