CRAN Package Check Results for Package dunn.test

Last updated on 2025-10-09 02:51:41 CEST.

Flavor Version Tinstall Tcheck Ttotal Status Flags
r-devel-linux-x86_64-debian-clang 1.3.6 2.23 24.11 26.34 NOTE
r-devel-linux-x86_64-debian-gcc 1.3.6 1.72 18.85 20.57 NOTE
r-devel-linux-x86_64-fedora-clang 1.3.6 38.44 OK
r-devel-linux-x86_64-fedora-gcc 1.3.6 37.59 OK
r-devel-windows-x86_64 1.3.6 5.00 44.00 49.00 OK
r-patched-linux-x86_64 1.3.6 2.46 22.57 25.03 OK
r-release-linux-x86_64 1.3.6 2.16 22.74 24.90 OK
r-release-macos-arm64 1.3.6 18.00 OK
r-release-macos-x86_64 1.3.6 26.00 OK
r-release-windows-x86_64 1.3.6 4.00 46.00 50.00 OK
r-oldrel-macos-arm64 1.3.6 23.00 OK
r-oldrel-macos-x86_64 1.3.6 23.00 OK
r-oldrel-windows-x86_64 1.3.6 4.00 44.00 48.00 OK

Check Details

Version: 1.3.6
Check: CRAN incoming feasibility
Result: NOTE Maintainer: ‘Alexis Dinno <alexis.dinno@pdx.edu>’ No Authors@R field in DESCRIPTION. Please add one, modifying Authors@R: person(given = "Alexis", family = "Dinno", role = c("aut", "cre"), email = "alexis.dinno@pdx.edu") as necessary. Flavors: r-devel-linux-x86_64-debian-clang, r-devel-linux-x86_64-debian-gcc