Last updated on 2025-07-24 02:52:12 CEST.
Flavor | Version | Tinstall | Tcheck | Ttotal | Status | Flags |
---|---|---|---|---|---|---|
r-devel-linux-x86_64-debian-clang | 0.3.10 | 9.96 | 82.09 | 92.05 | OK | |
r-devel-linux-x86_64-debian-gcc | 0.3.10 | 6.59 | 54.84 | 61.43 | OK | |
r-devel-linux-x86_64-fedora-clang | 0.3.10 | 145.24 | OK | |||
r-devel-linux-x86_64-fedora-gcc | 0.3.10 | 145.98 | OK | |||
r-devel-windows-x86_64 | 0.3.10 | 11.00 | 86.00 | 97.00 | OK | |
r-patched-linux-x86_64 | 0.3.10 | 10.04 | 73.01 | 83.05 | OK | |
r-release-linux-x86_64 | 0.3.10 | 9.19 | 74.18 | 83.37 | OK | |
r-release-macos-arm64 | 0.3.10 | 44.00 | OK | |||
r-release-macos-x86_64 | 0.3.10 | 80.00 | NOTE | |||
r-release-windows-x86_64 | 0.3.10 | 11.00 | 87.00 | 98.00 | OK | |
r-oldrel-macos-arm64 | 0.3.10 | 45.00 | OK | |||
r-oldrel-macos-x86_64 | 0.3.10 | 66.00 | OK | |||
r-oldrel-windows-x86_64 | 0.3.10 | 14.00 | 111.00 | 125.00 | OK |
Version: 0.3.10
Check: Rd cross-references
Result: NOTE
Packages unavailable to check Rd xrefs: ‘FactoMineR’, ‘GDAtools’
Unknown package ‘quanteda.textmodels’ in Rd xrefs
Flavor: r-release-macos-x86_64