Last updated on 2025-10-03 01:49:47 CEST.
Flavor | Version | Tinstall | Tcheck | Ttotal | Status | Flags |
---|---|---|---|---|---|---|
r-devel-linux-x86_64-debian-clang | 0.1.2 | 7.56 | 86.15 | 93.71 | NOTE | |
r-devel-linux-x86_64-debian-gcc | 0.1.2 | 5.82 | 62.29 | 68.11 | NOTE | |
r-devel-linux-x86_64-fedora-clang | 0.1.2 | 137.97 | OK | |||
r-devel-linux-x86_64-fedora-gcc | 0.1.2 | 143.95 | OK | |||
r-devel-windows-x86_64 | 0.1.2 | 12.00 | 100.00 | 112.00 | OK | |
r-patched-linux-x86_64 | 0.1.2 | 7.49 | 80.40 | 87.89 | OK | |
r-release-linux-x86_64 | 0.1.2 | 8.03 | 80.51 | 88.54 | OK | |
r-release-macos-arm64 | 0.1.2 | 57.00 | OK | |||
r-release-macos-x86_64 | 0.1.2 | 92.00 | OK | |||
r-release-windows-x86_64 | 0.1.2 | 12.00 | 97.00 | 109.00 | OK | |
r-oldrel-macos-arm64 | 0.1.2 | 42.00 | OK | |||
r-oldrel-macos-x86_64 | 0.1.2 | 82.00 | OK | |||
r-oldrel-windows-x86_64 | 0.1.2 | 13.00 | 119.00 | 132.00 | OK |
Version: 0.1.2
Check: CRAN incoming feasibility
Result: NOTE
Maintainer: ‘Dirk Eddelbuettel <edd@debian.org>’
No Authors@R field in DESCRIPTION.
Please add one, modifying
Authors@R: c(person(given = "Gregor",
family = "Aisch",
role = "aut"),
person(given = "Josh",
family = "Keller",
role = "aut"),
person(given = "Dirk",
family = "Eddelbuettel",
role = c("aut", "cre"),
email = "edd@debian.org"))
as necessary.
Flavors: r-devel-linux-x86_64-debian-clang, r-devel-linux-x86_64-debian-gcc