CRAN Package Check Results for Package html2R

Last updated on 2025-07-24 02:52:15 CEST.

Flavor Version Tinstall Tcheck Ttotal Status Flags
r-devel-linux-x86_64-debian-clang 0.1.0 3.64 32.89 36.53 OK
r-devel-linux-x86_64-debian-gcc 0.1.0 2.33 25.92 28.25 OK
r-devel-linux-x86_64-fedora-clang 0.1.0 53.32 OK
r-devel-linux-x86_64-fedora-gcc 0.1.0 53.14 OK
r-devel-windows-x86_64 0.1.0 5.00 50.00 55.00 OK
r-patched-linux-x86_64 0.1.0 3.84 31.24 35.08 OK
r-release-linux-x86_64 0.1.0 3.77 31.09 34.86 OK
r-release-macos-arm64 0.1.0 23.00 OK
r-release-macos-x86_64 0.1.0 35.00 OK
r-release-windows-x86_64 0.1.0 6.00 53.00 59.00 OK
r-oldrel-macos-arm64 0.1.0 22.00 NOTE
r-oldrel-macos-x86_64 0.1.0 32.00 NOTE
r-oldrel-windows-x86_64 0.1.0 8.00 60.00 68.00 NOTE

Check Details

Version: 0.1.0
Check: LazyData
Result: NOTE 'LazyData' is specified without a 'data' directory Flavors: r-oldrel-macos-arm64, r-oldrel-macos-x86_64, r-oldrel-windows-x86_64