Last updated on 2025-10-02 01:50:00 CEST.
Flavor | Version | Tinstall | Tcheck | Ttotal | Status | Flags |
---|---|---|---|---|---|---|
r-devel-linux-x86_64-debian-clang | 1.0.4 | 2.40 | 134.81 | 137.21 | NOTE | |
r-devel-linux-x86_64-debian-gcc | 1.0.4 | 1.98 | 191.78 | 193.76 | NOTE | |
r-devel-linux-x86_64-fedora-clang | 1.0.4 | 187.35 | OK | |||
r-devel-linux-x86_64-fedora-gcc | 1.0.4 | 197.90 | OK | |||
r-devel-windows-x86_64 | 1.0.4 | 6.00 | 232.00 | 238.00 | OK | |
r-patched-linux-x86_64 | 1.0.4 | 2.89 | 132.54 | 135.43 | OK | |
r-release-linux-x86_64 | 1.0.4 | 2.25 | 130.98 | 133.23 | OK | |
r-release-macos-arm64 | 1.0.4 | 99.00 | OK | |||
r-release-macos-x86_64 | 1.0.4 | 151.00 | OK | |||
r-release-windows-x86_64 | 1.0.4 | 4.00 | 224.00 | 228.00 | OK | |
r-oldrel-macos-arm64 | 1.0.4 | 88.00 | OK | |||
r-oldrel-macos-x86_64 | 1.0.4 | 111.00 | OK | |||
r-oldrel-windows-x86_64 | 1.0.4 | 7.00 | 223.00 | 230.00 | OK |
Version: 1.0.4
Check: CRAN incoming feasibility
Result: NOTE
Maintainer: ‘Irucka Embry <iembry@ecoccs.com>’
No Authors@R field in DESCRIPTION.
Please add one, modifying
Authors@R: person(given = "Irucka",
family = "Embry",
role = c("aut", "cre"),
email = "iembry@ecoccs.com")
as necessary.
Flavors: r-devel-linux-x86_64-debian-clang, r-devel-linux-x86_64-debian-gcc