CRAN Package Check Results for Package interpolation

Last updated on 2025-10-05 01:48:32 CEST.

Flavor Version Tinstall Tcheck Ttotal Status Flags
r-devel-linux-x86_64-debian-clang 0.1.1 42.63 23.75 66.38 OK
r-devel-linux-x86_64-debian-gcc 0.1.1 36.09 19.29 55.38 OK
r-devel-linux-x86_64-fedora-clang 0.1.1 120.06 OK
r-devel-linux-x86_64-fedora-gcc 0.1.1 136.48 OK
r-devel-windows-x86_64 0.1.1 65.00 66.00 131.00 OK
r-patched-linux-x86_64 0.1.1 51.81 22.21 74.02 OK
r-release-linux-x86_64 0.1.1 49.52 22.54 72.06 OK
r-release-macos-arm64 0.1.1 41.00 OK
r-release-macos-x86_64 0.1.1 58.00 OK
r-release-windows-x86_64 0.1.1 63.00 67.00 130.00 OK
r-oldrel-macos-arm64 0.1.1 29.00 NOTE
r-oldrel-macos-x86_64 0.1.1 50.00 NOTE
r-oldrel-windows-x86_64 0.1.1 74.00 76.00 150.00 OK

Check Details

Version: 0.1.1
Check: installed package size
Result: NOTE installed size is 5.1Mb sub-directories of 1Mb or more: libs 5.0Mb Flavors: r-oldrel-macos-arm64, r-oldrel-macos-x86_64