Last updated on 2025-11-12 02:53:00 CET.
| Flavor | Version | Tinstall | Tcheck | Ttotal | Status | Flags |
|---|---|---|---|---|---|---|
| r-devel-linux-x86_64-debian-clang | 1.4.2 | 12.27 | 25.82 | 38.09 | NOTE | |
| r-devel-linux-x86_64-debian-gcc | 1.4.2 | 9.41 | 21.07 | 30.48 | NOTE | |
| r-devel-linux-x86_64-fedora-clang | 1.4.2 | 44.00 | 20.73 | 64.73 | OK | |
| r-devel-linux-x86_64-fedora-gcc | 1.4.2 | 31.00 | 28.63 | 59.63 | OK | |
| r-devel-windows-x86_64 | 1.4.2 | 15.00 | 60.00 | 75.00 | OK | |
| r-patched-linux-x86_64 | 1.4.2 | 13.14 | 24.43 | 37.57 | OK | |
| r-release-linux-x86_64 | 1.4.2 | 12.92 | 24.60 | 37.52 | OK | |
| r-release-macos-arm64 | 1.4.2 | 6.00 | 16.00 | 22.00 | OK | |
| r-release-macos-x86_64 | 1.4.2 | 9.00 | 25.00 | 34.00 | OK | |
| r-release-windows-x86_64 | 1.4.2 | 16.00 | 61.00 | 77.00 | OK | |
| r-oldrel-macos-arm64 | 1.4.2 | 6.00 | 16.00 | 22.00 | OK | |
| r-oldrel-macos-x86_64 | 1.4.2 | 8.00 | 23.00 | 31.00 | OK | |
| r-oldrel-windows-x86_64 | 1.4.2 | 15.00 | 75.00 | 90.00 | OK |
Version: 1.4.2
Check: CRAN incoming feasibility
Result: NOTE
Maintainer: ‘Serguei Sokol <sokol@insa-toulouse.fr>’
No Authors@R field in DESCRIPTION.
Please add one, modifying
Authors@R: person(given = "Serguei",
family = "Sokol",
role = c("aut", "cre"),
email = "sokol@insa-toulouse.fr")
as necessary.
Flavors: r-devel-linux-x86_64-debian-clang, r-devel-linux-x86_64-debian-gcc