CRAN Package Check Results for Package matrixCorr

Last updated on 2025-10-08 02:51:42 CEST.

Flavor Version Tinstall Tcheck Ttotal Status Flags
r-devel-linux-x86_64-debian-clang 0.5.1 193.56 3.37 196.93 ERROR
r-devel-linux-x86_64-debian-gcc 0.5.1 130.47 86.55 217.02 OK
r-devel-linux-x86_64-fedora-clang 0.5.1 621.22 OK
r-devel-linux-x86_64-fedora-gcc 0.5.1 537.60 OK
r-devel-windows-x86_64 0.5.1 215.00 139.00 354.00 OK
r-patched-linux-x86_64 0.5.1 202.86 116.03 318.89 OK
r-release-linux-x86_64 0.5.1 196.88 115.52 312.40 OK
r-release-macos-arm64 0.5.1 115.00 OK
r-release-macos-x86_64 0.5.1 170.00 OK
r-release-windows-x86_64 0.5.1 216.00 141.00 357.00 OK
r-oldrel-macos-arm64 0.5.1 120.00 NOTE
r-oldrel-macos-x86_64 0.5.1 173.00 NOTE
r-oldrel-windows-x86_64 0.5.1 255.00 181.00 436.00 OK

Additional issues

MKL

Check Details

Version: 0.5.1
Check: whether package can be installed
Result: ERROR Installation failed. Flavor: r-devel-linux-x86_64-debian-clang

Version: 0.5.1
Check: installed package size
Result: NOTE installed size is 11.3Mb sub-directories of 1Mb or more: libs 10.9Mb Flavors: r-oldrel-macos-arm64, r-oldrel-macos-x86_64