Last updated on 2025-11-27 01:48:40 CET.
| Flavor | Version | Tinstall | Tcheck | Ttotal | Status | Flags |
|---|---|---|---|---|---|---|
| r-devel-linux-x86_64-debian-clang | 2.1.7 | 5.87 | 360.33 | 366.20 | OK | |
| r-devel-linux-x86_64-debian-gcc | 2.1.7 | 4.18 | 219.96 | 224.14 | OK | |
| r-devel-linux-x86_64-fedora-clang | 2.1.7 | 16.00 | 565.96 | 581.96 | NOTE | |
| r-devel-linux-x86_64-fedora-gcc | 2.1.7 | 13.00 | 585.15 | 598.15 | NOTE | |
| r-devel-windows-x86_64 | 2.1.7 | 8.00 | 306.00 | 314.00 | OK | |
| r-patched-linux-x86_64 | 2.1.7 | 5.94 | 340.10 | 346.04 | OK | |
| r-release-linux-x86_64 | 2.1.7 | 6.27 | 340.14 | 346.41 | OK | |
| r-release-macos-arm64 | 2.1.7 | OK | ||||
| r-release-macos-x86_64 | 2.1.7 | 5.00 | 394.00 | 399.00 | OK | |
| r-release-windows-x86_64 | 2.1.7 | 9.00 | 317.00 | 326.00 | OK | |
| r-oldrel-macos-arm64 | 2.1.7 | OK | ||||
| r-oldrel-macos-x86_64 | 2.1.7 | 11.00 | 320.00 | 331.00 | OK | |
| r-oldrel-windows-x86_64 | 2.1.7 | 11.00 | 464.00 | 475.00 | OK |
Version: 2.1.7
Check: dependencies in R code
Result: NOTE
Namespaces in Imports field not imported from:
‘ggfortify’ ‘ggplot2’ ‘ggraph’ ‘reshape2’
All declared Imports should be used.
Flavors: r-devel-linux-x86_64-fedora-clang, r-devel-linux-x86_64-fedora-gcc