Last updated on 2025-11-12 02:53:04 CET.
| Flavor | Version | Tinstall | Tcheck | Ttotal | Status | Flags |
|---|---|---|---|---|---|---|
| r-devel-linux-x86_64-debian-clang | 0.8.0 | 12.21 | 97.01 | 109.22 | NOTE | |
| r-devel-linux-x86_64-debian-gcc | 0.8.0 | 8.35 | 71.92 | 80.27 | NOTE | |
| r-devel-linux-x86_64-fedora-clang | 0.8.0 | 24.00 | 144.33 | 168.33 | OK | |
| r-devel-linux-x86_64-fedora-gcc | 0.8.0 | 23.00 | 155.60 | 178.60 | OK | |
| r-devel-windows-x86_64 | 0.8.0 | 12.00 | 149.00 | 161.00 | OK | |
| r-patched-linux-x86_64 | 0.8.0 | 10.11 | 92.25 | 102.36 | OK | |
| r-release-linux-x86_64 | 0.8.0 | 8.70 | 91.71 | 100.41 | OK | |
| r-release-macos-arm64 | 0.8.0 | 5.00 | 79.00 | 84.00 | OK | |
| r-release-macos-x86_64 | 0.8.0 | 10.00 | 163.00 | 173.00 | OK | |
| r-release-windows-x86_64 | 0.8.0 | 15.00 | 146.00 | 161.00 | OK | |
| r-oldrel-macos-arm64 | 0.8.0 | 5.00 | 76.00 | 81.00 | OK | |
| r-oldrel-macos-x86_64 | 0.8.0 | 8.00 | 114.00 | 122.00 | OK | |
| r-oldrel-windows-x86_64 | 0.8.0 | 17.00 | 194.00 | 211.00 | OK |
Version: 0.8.0
Check: CRAN incoming feasibility
Result: NOTE
Maintainer: ‘Fumihiko Takeuchi <fumihiko@takeuchi.name>’
Found the following URLs which should use \doi (with the DOI name only):
File ‘ctassoc.Rd’:
https://doi.org/10.1080/03610927608827353
Flavors: r-devel-linux-x86_64-debian-clang, r-devel-linux-x86_64-debian-gcc