Last updated on 2025-10-08 01:49:14 CEST.
Flavor | Version | Tinstall | Tcheck | Ttotal | Status | Flags |
---|---|---|---|---|---|---|
r-devel-linux-x86_64-debian-clang | 0.9-53 | 55.95 | 103.23 | 159.18 | OK | |
r-devel-linux-x86_64-debian-gcc | 0.9-53 | 43.58 | 74.37 | 117.95 | OK | |
r-devel-linux-x86_64-fedora-clang | 0.9-53 | 325.71 | OK | |||
r-devel-linux-x86_64-fedora-gcc | 0.9-53 | 272.43 | OK | |||
r-devel-windows-x86_64 | 0.9-53 | 69.00 | 140.00 | 209.00 | OK | |
r-patched-linux-x86_64 | 0.9-52 | 66.45 | 98.60 | 165.05 | NOTE | |
r-release-linux-x86_64 | 0.9-53 | 63.24 | 98.70 | 161.94 | OK | |
r-release-macos-arm64 | 0.9-53 | 77.00 | OK | |||
r-release-macos-x86_64 | 0.9-53 | 153.00 | OK | |||
r-release-windows-x86_64 | 0.9-53 | 69.00 | 143.00 | 212.00 | OK | |
r-oldrel-macos-arm64 | 0.9-53 | 83.00 | NOTE | |||
r-oldrel-macos-x86_64 | 0.9-53 | 150.00 | NOTE | |||
r-oldrel-windows-x86_64 | 0.9-53 | 63.00 | 169.00 | 232.00 | OK |
Version: 0.9-52
Check: C++ specification
Result: NOTE
Specified C++11: please drop specification unless essential
Flavor: r-patched-linux-x86_64
Version: 0.9-52
Check: Rd files
Result: NOTE
checkRd: (-1) breslow.Rd:27: Escaped LaTeX specials: \# \#
Flavor: r-patched-linux-x86_64
Version: 0.9-53
Check: installed package size
Result: NOTE
installed size is 6.1Mb
sub-directories of 1Mb or more:
libs 5.2Mb
Flavors: r-oldrel-macos-arm64, r-oldrel-macos-x86_64