CRAN Package Check Results for Package pencopulaCond

Last updated on 2025-10-09 02:51:51 CEST.

Flavor Version Tinstall Tcheck Ttotal Status Flags
r-devel-linux-x86_64-debian-clang 0.2 17.86 119.86 137.72 NOTE
r-devel-linux-x86_64-debian-gcc 0.2 11.67 79.78 91.45 NOTE
r-devel-linux-x86_64-fedora-clang 0.2 209.10 NOTE
r-devel-linux-x86_64-fedora-gcc 0.2 194.07 NOTE
r-devel-windows-x86_64 0.2 17.00 117.00 134.00 NOTE
r-patched-linux-x86_64 0.2 16.71 110.96 127.67 NOTE
r-release-linux-x86_64 0.2 15.27 112.20 127.47 NOTE
r-release-macos-arm64 0.2 50.00 NOTE
r-release-macos-x86_64 0.2 94.00 NOTE
r-release-windows-x86_64 0.2 18.00 118.00 136.00 NOTE
r-oldrel-macos-arm64 0.2 47.00 NOTE
r-oldrel-macos-x86_64 0.2 69.00 NOTE
r-oldrel-windows-x86_64 0.2 27.00 148.00 175.00 NOTE

Check Details

Version: 0.2
Check: CRAN incoming feasibility
Result: NOTE Maintainer: ‘Christian Schellhase <cschellhase@wiwi.uni-bielefeld.de>’ No Authors@R field in DESCRIPTION. Please add one, modifying Authors@R: person(given = "Christian", family = "Schellhase", role = c("aut", "cre"), email = "cschellhase@wiwi.uni-bielefeld.de") as necessary. Flavors: r-devel-linux-x86_64-debian-clang, r-devel-linux-x86_64-debian-gcc

Version: 0.2
Check: Rd files
Result: NOTE checkRd: (-1) my.bspline.Rd:38: Escaped LaTeX specials: \$ \$ \$ Flavors: r-devel-linux-x86_64-debian-clang, r-devel-linux-x86_64-debian-gcc, r-devel-linux-x86_64-fedora-clang, r-devel-linux-x86_64-fedora-gcc, r-devel-windows-x86_64, r-patched-linux-x86_64, r-release-linux-x86_64, r-release-macos-arm64, r-release-macos-x86_64, r-release-windows-x86_64, r-oldrel-macos-arm64, r-oldrel-macos-x86_64, r-oldrel-windows-x86_64