CRAN Package Check Results for Package pop

Last updated on 2025-10-18 01:50:01 CEST.

Flavor Version Tinstall Tcheck Ttotal Status Flags
r-devel-linux-x86_64-debian-clang 0.1 3.61 43.27 46.88 NOTE
r-devel-linux-x86_64-debian-gcc 0.1 3.09 30.64 33.73 NOTE
r-devel-linux-x86_64-fedora-clang 0.1 70.23 OK
r-devel-linux-x86_64-fedora-gcc 0.1 66.76 OK
r-devel-windows-x86_64 0.1 5.00 56.00 61.00 OK
r-patched-linux-x86_64 0.1 3.86 40.87 44.73 OK
r-release-linux-x86_64 0.1 3.20 40.18 43.38 OK
r-release-macos-arm64 0.1 27.00 OK
r-release-macos-x86_64 0.1 43.00 OK
r-release-windows-x86_64 0.1 6.00 60.00 66.00 OK
r-oldrel-macos-arm64 0.1 23.00 NOTE
r-oldrel-macos-x86_64 0.1 33.00 NOTE
r-oldrel-windows-x86_64 0.1 7.00 70.00 77.00 NOTE

Check Details

Version: 0.1
Check: CRAN incoming feasibility
Result: NOTE Maintainer: ‘Nick Golding <nick.golding.research@gmail.com>’ No Authors@R field in DESCRIPTION. Please add one, modifying Authors@R: person(given = "Nick", family = "Golding", role = c("aut", "cre"), email = "nick.golding.research@gmail.com") as necessary. Flavors: r-devel-linux-x86_64-debian-clang, r-devel-linux-x86_64-debian-gcc

Version: 0.1
Check: LazyData
Result: NOTE 'LazyData' is specified without a 'data' directory Flavors: r-oldrel-macos-arm64, r-oldrel-macos-x86_64, r-oldrel-windows-x86_64