Last updated on 2025-11-04 02:52:12 CET.
| Flavor | Version | Tinstall | Tcheck | Ttotal | Status | Flags | 
|---|---|---|---|---|---|---|
| r-devel-linux-x86_64-debian-clang | 1.6.4 | 2.59 | 19.78 | 22.37 | NOTE | |
| r-devel-linux-x86_64-debian-gcc | 1.6.4 | 2.35 | 16.55 | 18.90 | NOTE | |
| r-devel-linux-x86_64-fedora-clang | 1.6.4 | 33.79 | OK | |||
| r-devel-linux-x86_64-fedora-gcc | 1.6.4 | 32.13 | OK | |||
| r-devel-windows-x86_64 | 1.6.4 | 6.00 | 37.00 | 43.00 | OK | |
| r-patched-linux-x86_64 | 1.6.4 | 2.72 | 18.69 | 21.41 | OK | |
| r-release-linux-x86_64 | 1.6.4 | 2.72 | 18.53 | 21.25 | OK | |
| r-release-macos-arm64 | 1.6.4 | 3.00 | 14.00 | 17.00 | OK | |
| r-release-macos-x86_64 | 1.6.4 | 4.00 | 24.00 | 28.00 | OK | |
| r-release-windows-x86_64 | 1.6.4 | 6.00 | 36.00 | 42.00 | OK | |
| r-oldrel-macos-arm64 | 1.6.4 | 2.00 | 13.00 | 15.00 | OK | |
| r-oldrel-macos-x86_64 | 1.6.4 | 3.00 | 21.00 | 24.00 | OK | |
| r-oldrel-windows-x86_64 | 1.6.4 | 6.00 | 39.00 | 45.00 | OK | 
Version: 1.6.4
Check: CRAN incoming feasibility
Result: NOTE
  Maintainer: ‘Jacob Bien <jbien@usc.edu>’
  
  No Authors@R field in DESCRIPTION.
  Please add one, modifying
    Authors@R: c(person(given = "Jacob",
                        family = "Bien",
                        role = c("aut", "cre"),
                        email = "jbien@usc.edu"),
                 person(given = "Rob",
                        family = "Tibshirani",
                        role = "aut"))
  as necessary.
Flavors: r-devel-linux-x86_64-debian-clang, r-devel-linux-x86_64-debian-gcc