CRAN Package Check Results for Package quantregGrowth

Last updated on 2025-10-06 01:49:54 CEST.

Flavor Version Tinstall Tcheck Ttotal Status Flags
r-devel-linux-x86_64-debian-clang 1.7-1 12.11 98.62 110.73 NOTE
r-devel-linux-x86_64-debian-gcc 1.7-1 8.45 73.54 81.99 NOTE
r-devel-linux-x86_64-fedora-clang 1.7-1 168.29 OK
r-devel-linux-x86_64-fedora-gcc 1.7-1 176.66 OK
r-devel-windows-x86_64 1.7-1 14.00 108.00 122.00 NOTE
r-patched-linux-x86_64 1.7-1 12.71 94.40 107.11 NOTE
r-release-linux-x86_64 1.7-1 11.37 95.11 106.48 NOTE
r-release-macos-arm64 1.7-1 59.00 OK
r-release-macos-x86_64 1.7-1 133.00 OK
r-release-windows-x86_64 1.7-1 13.00 107.00 120.00 NOTE
r-oldrel-macos-arm64 1.7-1 54.00 OK
r-oldrel-macos-x86_64 1.7-1 88.00 OK
r-oldrel-windows-x86_64 1.7-1 18.00 133.00 151.00 OK

Check Details

Version: 1.7-1
Check: Rd cross-references
Result: NOTE Found the following Rd file(s) with Rd \link{} targets missing package anchors: logLik.gcrq.Rd: logLik.rq Please provide package anchors for all Rd \link{} targets not in the package itself and the base packages. Flavors: r-devel-linux-x86_64-debian-clang, r-devel-linux-x86_64-debian-gcc, r-devel-windows-x86_64, r-patched-linux-x86_64, r-release-linux-x86_64, r-release-windows-x86_64