CRAN Package Check Results for Package r2shortcode

Last updated on 2025-07-18 01:49:24 CEST.

Flavor Version Tinstall Tcheck Ttotal Status Flags
r-devel-linux-x86_64-debian-clang 0.2 1.95 24.89 26.84 NOTE
r-devel-linux-x86_64-debian-gcc 0.2 1.61 20.18 21.79 NOTE
r-devel-linux-x86_64-fedora-clang 0.2 65.67 OK
r-devel-linux-x86_64-fedora-gcc 0.2 53.37 OK
r-devel-windows-x86_64 0.2 3.00 53.00 56.00 OK
r-patched-linux-x86_64 0.2 2.16 23.26 25.42 OK
r-release-linux-x86_64 0.2 1.88 23.20 25.08 OK
r-release-macos-arm64 0.2 23.00 OK
r-release-macos-x86_64 0.2 63.00 OK
r-release-windows-x86_64 0.2 4.00 53.00 57.00 OK
r-oldrel-macos-arm64 0.2 23.00 OK
r-oldrel-macos-x86_64 0.2 39.00 OK
r-oldrel-windows-x86_64 0.2 4.00 58.00 62.00 OK

Check Details

Version: 0.2
Check: CRAN incoming feasibility
Result: NOTE Maintainer: ‘Obinna Obianom <idonshayo@gmail.com>’ No Authors@R field in DESCRIPTION. Please add one, modifying Authors@R: person(given = "Obinna", family = "Obianom", role = c("aut", "cre"), email = "idonshayo@gmail.com") as necessary. The BugReports field in DESCRIPTION has https://github.com/oobianom/r2shortcode which should likely be https://github.com/oobianom/r2shortcode/issues instead. Flavors: r-devel-linux-x86_64-debian-clang, r-devel-linux-x86_64-debian-gcc