Last updated on 2024-05-13 01:52:27 CEST.
Flavor | Version | Tinstall | Tcheck | Ttotal | Status | Flags |
---|---|---|---|---|---|---|
r-devel-linux-x86_64-debian-clang | 5.2.1-29 | 368.08 | 63.36 | 431.44 | NOTE | |
r-devel-linux-x86_64-debian-gcc | 5.2.1-29 | 237.53 | 46.74 | 284.27 | NOTE | |
r-devel-linux-x86_64-fedora-clang | 5.2.1-29 | 565.21 | NOTE | |||
r-devel-linux-x86_64-fedora-gcc | 5.2.1-29 | 656.95 | NOTE | |||
r-devel-windows-x86_64 | 5.2.1-29 | 288.00 | 102.00 | 390.00 | NOTE | |
r-patched-linux-x86_64 | 5.2.1-29 | 280.19 | 61.59 | 341.78 | NOTE | |
r-release-linux-x86_64 | 5.2.1-29 | 267.72 | 60.33 | 328.05 | NOTE | |
r-release-macos-arm64 | 5.2.1-29 | 151.00 | NOTE | |||
r-release-macos-x86_64 | 5.2.1-29 | 182.00 | NOTE | |||
r-release-windows-x86_64 | 5.2.1-29 | 289.00 | 111.00 | 400.00 | NOTE | |
r-oldrel-macos-arm64 | 5.2.1-29 | 162.00 | NOTE | |||
r-oldrel-macos-x86_64 | 5.2.1-29 | 167.00 | NOTE | |||
r-oldrel-windows-x86_64 | 5.2.1-29 | 330.00 | 114.00 | 444.00 | NOTE |
Version: 5.2.1-29
Check: for GNU extensions in Makefiles
Result: NOTE
GNU make is a SystemRequirements.
Flavors: r-devel-linux-x86_64-debian-clang, r-devel-linux-x86_64-debian-gcc, r-devel-linux-x86_64-fedora-clang, r-devel-linux-x86_64-fedora-gcc, r-devel-windows-x86_64, r-patched-linux-x86_64, r-release-linux-x86_64, r-release-macos-arm64, r-release-macos-x86_64, r-release-windows-x86_64, r-oldrel-macos-arm64, r-oldrel-macos-x86_64, r-oldrel-windows-x86_64
Version: 5.2.1-29
Check: installed package size
Result: NOTE
installed size is 12.2Mb
sub-directories of 1Mb or more:
libs 11.9Mb
Flavors: r-release-macos-arm64, r-release-macos-x86_64, r-oldrel-macos-arm64, r-oldrel-macos-x86_64