Last updated on 2025-11-03 01:50:06 CET.
| Flavor | Version | Tinstall | Tcheck | Ttotal | Status | Flags |
|---|---|---|---|---|---|---|
| r-devel-linux-x86_64-debian-clang | 1.1.0 | 2.65 | 53.82 | 56.47 | OK | |
| r-devel-linux-x86_64-debian-gcc | 1.1.0 | 2.03 | 39.64 | 41.67 | OK | |
| r-devel-linux-x86_64-fedora-clang | 1.1.0 | 85.11 | OK | |||
| r-devel-linux-x86_64-fedora-gcc | 1.1.0 | 102.73 | OK | |||
| r-devel-windows-x86_64 | 1.1.0 | 4.00 | 71.00 | 75.00 | OK | |
| r-patched-linux-x86_64 | 1.1.0 | 2.08 | 48.21 | 50.29 | OK | |
| r-release-linux-x86_64 | 1.1.0 | 2.57 | 48.65 | 51.22 | OK | |
| r-release-macos-arm64 | 1.1.0 | 1.00 | 42.00 | 43.00 | OK | |
| r-release-macos-x86_64 | 1.1.0 | 2.00 | 75.00 | 77.00 | OK | |
| r-release-windows-x86_64 | 1.1.0 | 5.00 | 69.00 | 74.00 | OK | |
| r-oldrel-macos-arm64 | 1.1.0 | 2.00 | 37.00 | 39.00 | NOTE | |
| r-oldrel-macos-x86_64 | 1.1.0 | 2.00 | 73.00 | 75.00 | NOTE | |
| r-oldrel-windows-x86_64 | 1.1.0 | 6.00 | 85.00 | 91.00 | NOTE |
Version: 1.1.0
Check: package dependencies
Result: NOTE
Package suggested but not available for checking: ‘rnaturalearthhires’
Flavors: r-oldrel-macos-arm64, r-oldrel-macos-x86_64, r-oldrel-windows-x86_64