CRAN Package Check Results for Package rtk

Last updated on 2025-11-27 01:48:46 CET.

Flavor Version Tinstall Tcheck Ttotal Status Flags
r-devel-linux-x86_64-debian-clang 0.2.6.1 43.27 32.56 75.83 NOTE
r-devel-linux-x86_64-debian-gcc 0.2.6.1 35.64 25.97 61.61 NOTE
r-devel-linux-x86_64-fedora-clang 0.2.6.1 78.00 36.06 114.06 NOTE
r-devel-linux-x86_64-fedora-gcc 0.2.6.1 87.00 48.20 135.20 NOTE
r-devel-windows-x86_64 0.2.6.1 59.00 76.00 135.00 NOTE
r-patched-linux-x86_64 0.2.6.1 49.85 29.48 79.33 NOTE
r-release-linux-x86_64 0.2.6.1 49.46 29.78 79.24 NOTE
r-release-macos-arm64 0.2.6.1 NOTE
r-release-macos-x86_64 0.2.6.1 27.00 44.00 71.00 NOTE
r-release-windows-x86_64 0.2.6.1 46.00 116.00 162.00 NOTE
r-oldrel-macos-arm64 0.2.6.1 NOTE
r-oldrel-macos-x86_64 0.2.6.1 16.00 27.00 43.00 NOTE
r-oldrel-windows-x86_64 0.2.6.1 45.00 90.00 135.00 NOTE

Check Details

Version: 0.2.6.1
Check: CRAN incoming feasibility
Result: NOTE Maintainer: ‘Paul Saary <rtk@paulsaary.de>’ No Authors@R field in DESCRIPTION. Please add one, modifying Authors@R: c(person(given = "Paul", family = "Saary", role = c("aut", "cre"), email = "rtk@paulsaary.de"), person(given = "Falk", family = "Hildebrand", role = "aut")) as necessary. Flavors: r-devel-linux-x86_64-debian-clang, r-devel-linux-x86_64-debian-gcc

Version: 0.2.6.1
Check: C++ specification
Result: NOTE Specified C++11: please drop specification unless essential Flavors: r-devel-linux-x86_64-debian-clang, r-devel-linux-x86_64-debian-gcc, r-devel-windows-x86_64, r-patched-linux-x86_64, r-release-linux-x86_64, r-release-macos-arm64, r-release-macos-x86_64, r-release-windows-x86_64, r-oldrel-macos-arm64, r-oldrel-macos-x86_64, r-oldrel-windows-x86_64

Version: 0.2.6.1
Check: C++ specification
Result: NOTE Specified C++11: support will be removed soon Flavors: r-devel-linux-x86_64-fedora-clang, r-devel-linux-x86_64-fedora-gcc

Version: 0.2.6.1
Check: installed package size
Result: NOTE installed size is 7.2Mb sub-directories of 1Mb or more: libs 7.1Mb Flavors: r-oldrel-macos-arm64, r-oldrel-macos-x86_64