Last updated on 2025-10-01 02:54:31 CEST.
Flavor | Version | Tinstall | Tcheck | Ttotal | Status | Flags |
---|---|---|---|---|---|---|
r-devel-linux-x86_64-debian-clang | 1.0.410 | 11.36 | 95.28 | 106.64 | NOTE | |
r-devel-linux-x86_64-debian-gcc | 1.0.410 | 7.12 | 68.23 | 75.35 | NOTE | |
r-devel-linux-x86_64-fedora-clang | 1.0.410 | 160.07 | NOTE | |||
r-devel-linux-x86_64-fedora-gcc | 1.0.410 | 165.08 | NOTE | |||
r-devel-windows-x86_64 | 1.0.410 | 16.00 | 103.00 | 119.00 | NOTE | |
r-patched-linux-x86_64 | 1.0.410 | 11.55 | 89.24 | 100.79 | NOTE | |
r-release-linux-x86_64 | 1.0.410 | 11.30 | 88.59 | 99.89 | NOTE | |
r-release-macos-arm64 | 1.0.410 | 46.00 | NOTE | |||
r-release-macos-x86_64 | 1.0.410 | 74.00 | NOTE | |||
r-release-windows-x86_64 | 1.0.410 | 15.00 | 100.00 | 115.00 | NOTE | |
r-oldrel-macos-arm64 | 1.0.410 | 47.00 | NOTE | |||
r-oldrel-macos-x86_64 | 1.0.410 | 76.00 | NOTE | |||
r-oldrel-windows-x86_64 | 1.0.410 | 21.00 | 127.00 | 148.00 | NOTE |
Version: 1.0.410
Check: Rd files
Result: NOTE
checkRd: (-1) custom-labels.Rd:7: Lost braces; missing escapes or markup?
7 | \title{Modify {shinymanager} labels to use custom text}
| ^
checkRd: (-1) use_language.Rd:5: Lost braces; missing escapes or markup?
5 | \title{Use {shinymanager} labels}
| ^
Flavors: r-devel-linux-x86_64-debian-clang, r-devel-linux-x86_64-debian-gcc, r-devel-linux-x86_64-fedora-clang, r-devel-linux-x86_64-fedora-gcc, r-devel-windows-x86_64, r-patched-linux-x86_64, r-release-linux-x86_64, r-release-macos-arm64, r-release-macos-x86_64, r-release-windows-x86_64, r-oldrel-macos-arm64, r-oldrel-macos-x86_64, r-oldrel-windows-x86_64