CRAN Package Check Results for Package simpleSetup

Last updated on 2025-07-24 02:52:26 CEST.

Flavor Version Tinstall Tcheck Ttotal Status Flags
r-devel-linux-x86_64-debian-clang 0.1.0 1.50 17.51 19.01 OK
r-devel-linux-x86_64-debian-gcc 0.1.0 1.31 14.98 16.29 OK
r-devel-linux-x86_64-fedora-clang 0.1.0 27.20 OK
r-devel-linux-x86_64-fedora-gcc 0.1.0 39.02 OK
r-devel-windows-x86_64 0.1.0 2.00 34.00 36.00 OK
r-patched-linux-x86_64 0.1.0 1.48 15.31 16.79 OK
r-release-linux-x86_64 0.1.0 1.46 15.36 16.82 OK
r-release-macos-arm64 0.1.0 19.00 OK
r-release-macos-x86_64 0.1.0 33.00 OK
r-release-windows-x86_64 0.1.0 2.00 37.00 39.00 OK
r-oldrel-macos-arm64 0.1.0 17.00 NOTE
r-oldrel-macos-x86_64 0.1.0 25.00 NOTE
r-oldrel-windows-x86_64 0.1.0 2.00 33.00 35.00 NOTE

Check Details

Version: 0.1.0
Check: LazyData
Result: NOTE 'LazyData' is specified without a 'data' directory Flavors: r-oldrel-macos-arm64, r-oldrel-macos-x86_64, r-oldrel-windows-x86_64