Last updated on 2025-11-27 01:48:48 CET.
| Flavor | Version | Tinstall | Tcheck | Ttotal | Status | Flags |
|---|---|---|---|---|---|---|
| r-devel-linux-x86_64-debian-clang | 1.0.5 | 0.35 | 2.43 | 2.78 | ERROR | |
| r-devel-linux-x86_64-debian-gcc | 1.0.5 | 0.21 | 1.93 | 2.14 | ERROR | |
| r-devel-linux-x86_64-fedora-clang | 1.0.5 | 114.00 | 546.05 | 660.05 | OK | |
| r-devel-linux-x86_64-fedora-gcc | 1.0.5 | 199.00 | 487.17 | 686.17 | OK | |
| r-devel-windows-x86_64 | 1.0.5 | 55.00 | 349.00 | 404.00 | OK | |
| r-patched-linux-x86_64 | 1.0.5 | 0.32 | 2.05 | 2.37 | ERROR | |
| r-release-linux-x86_64 | 1.0.5 | 52.16 | 360.94 | 413.10 | OK | |
| r-release-macos-arm64 | 1.0.5 | OK | ||||
| r-release-macos-x86_64 | 1.0.5 | 63.00 | 316.00 | 379.00 | OK | |
| r-release-windows-x86_64 | 1.0.5 | 46.00 | 343.00 | 389.00 | OK | |
| r-oldrel-macos-arm64 | 1.0.5 | OK | ||||
| r-oldrel-macos-x86_64 | 1.0.5 | 37.00 | 302.00 | 339.00 | OK | |
| r-oldrel-windows-x86_64 | 1.0.5 | 63.00 | 433.00 | 496.00 | OK |
Version: 1.0.5
Check: package dependencies
Result: ERROR
Package required but not available: ‘mapview’
See section ‘The DESCRIPTION file’ in the ‘Writing R Extensions’
manual.
Flavors: r-devel-linux-x86_64-debian-clang, r-devel-linux-x86_64-debian-gcc, r-patched-linux-x86_64