Last updated on 2025-10-09 02:51:58 CEST.
Flavor | Version | Tinstall | Tcheck | Ttotal | Status | Flags |
---|---|---|---|---|---|---|
r-devel-linux-x86_64-debian-clang | 0.3.2 | 28.27 | 37.58 | 65.85 | OK | |
r-devel-linux-x86_64-debian-gcc | 0.3.2 | 24.32 | 30.21 | 54.53 | OK | |
r-devel-linux-x86_64-fedora-clang | 0.3.2 | 102.12 | OK | |||
r-devel-linux-x86_64-fedora-gcc | 0.3.2 | 133.29 | OK | |||
r-devel-windows-x86_64 | 0.3.2 | 47.00 | 78.00 | 125.00 | OK | |
r-patched-linux-x86_64 | 0.3.2 | 34.46 | 35.23 | 69.69 | OK | |
r-release-linux-x86_64 | 0.3.2 | 33.98 | 35.05 | 69.03 | OK | |
r-release-macos-arm64 | 0.3.2 | 51.00 | OK | |||
r-release-macos-x86_64 | 0.3.2 | 68.00 | OK | |||
r-release-windows-x86_64 | 0.3.2 | 50.00 | 80.00 | 130.00 | OK | |
r-oldrel-macos-arm64 | 0.3.2 | 63.00 | NOTE | |||
r-oldrel-macos-x86_64 | 0.3.2 | 110.00 | NOTE | |||
r-oldrel-windows-x86_64 | 0.3.2 | 60.00 | 92.00 | 152.00 | NOTE |
Version: 0.3.2
Check: package dependencies
Result: NOTE
Package suggested but not available for checking: ‘swephRdata’
Flavors: r-oldrel-macos-arm64, r-oldrel-macos-x86_64, r-oldrel-windows-x86_64