Last updated on 2025-07-17 02:49:41 CEST.
Flavor | Version | Tinstall | Tcheck | Ttotal | Status | Flags |
---|---|---|---|---|---|---|
r-devel-linux-x86_64-debian-clang | 0.4.2 | 5.85 | 66.62 | 72.47 | NOTE | |
r-devel-linux-x86_64-debian-gcc | 0.4.2 | 3.43 | 47.54 | 50.97 | NOTE | |
r-devel-linux-x86_64-fedora-clang | 0.4.2 | 106.21 | OK | |||
r-devel-linux-x86_64-fedora-gcc | 0.4.2 | 115.00 | OK | |||
r-devel-windows-x86_64 | 0.4.2 | 8.00 | 82.00 | 90.00 | NOTE | |
r-patched-linux-x86_64 | 0.4.2 | 6.34 | 59.61 | 65.95 | NOTE | |
r-release-linux-x86_64 | 0.4.2 | 5.06 | 58.63 | 63.69 | NOTE | |
r-release-macos-arm64 | 0.4.2 | 74.00 | OK | |||
r-release-macos-x86_64 | 0.4.2 | 70.00 | OK | |||
r-release-windows-x86_64 | 0.4.2 | 8.00 | 83.00 | 91.00 | NOTE | |
r-oldrel-macos-arm64 | 0.4.2 | 41.00 | OK | |||
r-oldrel-macos-x86_64 | 0.4.2 | 58.00 | OK | |||
r-oldrel-windows-x86_64 | 0.4.2 | 10.00 | 102.00 | 112.00 | OK |
Version: 0.4.2
Check: Rd cross-references
Result: NOTE
Found the following Rd file(s) with Rd \link{} targets missing package
anchors:
chk-defunct.Rd: dplyr_tidy_select
expect-defunct.Rd: dplyr_tidy_select
output_results_excel.Rd: test_dir, test_file
Please provide package anchors for all Rd \link{} targets not in the
package itself and the base packages.
Flavors: r-devel-linux-x86_64-debian-clang, r-devel-linux-x86_64-debian-gcc, r-devel-windows-x86_64, r-patched-linux-x86_64, r-release-linux-x86_64, r-release-windows-x86_64